{"id":2294,"date":"2023-03-16T14:25:20","date_gmt":"2023-03-16T14:25:20","guid":{"rendered":"https:\/\/precayetano.pe\/cursos\/?page_id=2294"},"modified":"2023-03-16T20:13:05","modified_gmt":"2023-03-16T20:13:05","slug":"tutoria-y-consejeria","status":"publish","type":"page","link":"https:\/\/precayetano.pe\/cursos\/tutoria-y-consejeria\/","title":{"rendered":"Tutor\u00eda y Consejer\u00eda"},"content":{"rendered":"<p>En actualizaci\u00f3n<\/p>\n<p><img loading=\"lazy\" decoding=\"async\" class=\"alignnone size-large wp-image-2421\" src=\"https:\/\/precayetano.pe\/cursos\/wp-content\/uploads\/2023\/03\/Captura-de-Pantalla-2023-03-16-a-las-15.07.48-1024x640.png\" alt=\"\" width=\"1024\" height=\"640\" srcset=\"https:\/\/precayetano.pe\/cursos\/wp-content\/uploads\/2023\/03\/Captura-de-Pantalla-2023-03-16-a-las-15.07.48-1024x640.png 1024w, https:\/\/precayetano.pe\/cursos\/wp-content\/uploads\/2023\/03\/Captura-de-Pantalla-2023-03-16-a-las-15.07.48-300x188.png 300w, https:\/\/precayetano.pe\/cursos\/wp-content\/uploads\/2023\/03\/Captura-de-Pantalla-2023-03-16-a-las-15.07.48-768x480.png 768w, https:\/\/precayetano.pe\/cursos\/wp-content\/uploads\/2023\/03\/Captura-de-Pantalla-2023-03-16-a-las-15.07.48-1536x961.png 1536w, https:\/\/precayetano.pe\/cursos\/wp-content\/uploads\/2023\/03\/Captura-de-Pantalla-2023-03-16-a-las-15.07.48-2048x1281.png 2048w, https:\/\/precayetano.pe\/cursos\/wp-content\/uploads\/2023\/03\/Captura-de-Pantalla-2023-03-16-a-las-15.07.48-1727x1080.png 1727w\" sizes=\"auto, (max-width: 1024px) 100vw, 1024px\" \/><\/p>\n\n\n<figure class=\"wp-block-image size-large\"><img loading=\"lazy\" decoding=\"async\" width=\"1024\" height=\"660\" src=\"https:\/\/precayetano.pe\/cursos\/wp-content\/uploads\/2023\/03\/Captura-de-Pantalla-2023-03-16-a-las-15.12.18-1024x660.png\" alt=\"\" class=\"wp-image-2423\" srcset=\"https:\/\/precayetano.pe\/cursos\/wp-content\/uploads\/2023\/03\/Captura-de-Pantalla-2023-03-16-a-las-15.12.18-1024x660.png 1024w, https:\/\/precayetano.pe\/cursos\/wp-content\/uploads\/2023\/03\/Captura-de-Pantalla-2023-03-16-a-las-15.12.18-300x193.png 300w, https:\/\/precayetano.pe\/cursos\/wp-content\/uploads\/2023\/03\/Captura-de-Pantalla-2023-03-16-a-las-15.12.18-768x495.png 768w, https:\/\/precayetano.pe\/cursos\/wp-content\/uploads\/2023\/03\/Captura-de-Pantalla-2023-03-16-a-las-15.12.18-1536x989.png 1536w, https:\/\/precayetano.pe\/cursos\/wp-content\/uploads\/2023\/03\/Captura-de-Pantalla-2023-03-16-a-las-15.12.18-2048x1319.png 2048w, https:\/\/precayetano.pe\/cursos\/wp-content\/uploads\/2023\/03\/Captura-de-Pantalla-2023-03-16-a-las-15.12.18-1677x1080.png 1677w\" sizes=\"auto, (max-width: 1024px) 100vw, 1024px\" \/><\/figure>\n\n\n","protected":false},"excerpt":{"rendered":"<p>En actualizaci\u00f3n<\/p>\n","protected":false},"author":1,"featured_media":0,"parent":0,"menu_order":0,"comment_status":"closed","ping_status":"closed","template":"","meta":{"_eb_attr":"","footnotes":""},"class_list":["post-2294","page","type-page","status-publish","hentry"],"_links":{"self":[{"href":"https:\/\/precayetano.pe\/cursos\/wp-json\/wp\/v2\/pages\/2294","targetHints":{"allow":["GET"]}}],"collection":[{"href":"https:\/\/precayetano.pe\/cursos\/wp-json\/wp\/v2\/pages"}],"about":[{"href":"https:\/\/precayetano.pe\/cursos\/wp-json\/wp\/v2\/types\/page"}],"author":[{"embeddable":true,"href":"https:\/\/precayetano.pe\/cursos\/wp-json\/wp\/v2\/users\/1"}],"replies":[{"embeddable":true,"href":"https:\/\/precayetano.pe\/cursos\/wp-json\/wp\/v2\/comments?post=2294"}],"version-history":[{"count":6,"href":"https:\/\/precayetano.pe\/cursos\/wp-json\/wp\/v2\/pages\/2294\/revisions"}],"predecessor-version":[{"id":2424,"href":"https:\/\/precayetano.pe\/cursos\/wp-json\/wp\/v2\/pages\/2294\/revisions\/2424"}],"wp:attachment":[{"href":"https:\/\/precayetano.pe\/cursos\/wp-json\/wp\/v2\/media?parent=2294"}],"curies":[{"name":"wp","href":"https:\/\/api.w.org\/{rel}","templated":true}]}}